alculate the remainder when 69 is divided by (49/(-14))/(10/(-20)) - -40.
22
Let g(f) = 4*f**2 - 77*f - 139. What is the remainder when 1782 is divided by g(21)?
6
Suppose -3*c + 4*n = -154, -17*n - 189 = -4*c - 14*n. Suppose 42 = y - j - 154, -612 = -3*y - 5*j. Calculate the remainder when y is divided by c.
31
Let z(a) = 5*a + 8. Let g be z(-5). Let j = 68 - g. What is the remainder when j is divided by 27?
4
Let z(f) = -8*f - 45. Let g be z(-6). Suppose -g*k + 5*k = 0, -5*t - 3*k + 1360 = 0. What is the remainder when t is divided by 39?
38
Let v = 363 - 175. What is the remainder when v is divided by 40/(-120) + (1/(-9))/((-22)/4818)?
20
Let d = 1503 + -1118. Calculate the remainder when d is divided by 8.
1
Calculate the remainder when 108 is divided by (-532)/(-22) + (-81)/(8910/20).
12
Let w(a) = -131*a - 1958. What is the remainder when w(-19) is divided by 8?
3
Let a = -5388 - -5422. What is the remainder when 230 is divided by a?
26
Let s = 3458 + -2758. What is the remainder when s is divided by 37?
34
Suppose 0 = -6*r + 4*r + 20. Suppose 36 = -5*w - 2*x, 0 = 5*w + x + 7 + 26. What is the remainder when 0 - w/(-3) - -20 is divided by r?
8
Suppose -870*k + 873*k + h = 870, -3*k - 2*h + 867 = 0. Calculate the remainder when k is divided by 37.
32
What is the remainder when 1018 is divided by (0/(-5) - 2*(-7)/2) + 163?
168
Suppose 394 = 8*v + 10. Suppose -k + 62*w = 58*w - v, 0 = -4*k + 4*w + 228. Calculate the remainder when 74 is divided by k.
14
Suppose 0 = -i + 3, 5*b = 3*i + 1 + 10. Let o be (-5)/(15/(-231)) + 5. Let q = 90 - o. Calculate the remainder when q is divided by b.
0
Let s be ((32/(-10))/(-4))/(4/10). Suppose -s*w = -3*b + 44, b + 5*w + 7 + 1 = 0. Suppose 10*n + 34 = b*n. Calculate the remainder when 43 is divided by n.
9
Suppose 47 = r - 4*g, 3*g - 99 = -5*r + 21. Let m = -75 + 79. Suppose 0 = o - 5*l - 84, 2*o - 2*l + m*l - 156 = 0. What is the remainder when o is divided by r?
25
Let i = -336 + 1406. What is the remainder when i is divided by 530?
10
Let k(w) = -w**2 - 96*w - 191. What is the remainder when k(-90) is divided by 96?
61
Suppose 3*o = 10 - 1. Suppose -o*m - m = -8. Let p(w) = 38*w - 111. Calculate the remainder when p(3) is divided by m.
1
Let f = -71 + 74. Suppose -2*p - 2*p + 3*u = -724, -f*p + 560 = 2*u. Let a = p - 62. What is the remainder when a is divided by 31?
29
Suppose -9*v = -11*v + 82. Suppose -5*b + v - 15 = -w, 4*b = 16. Calculate the remainder when 6 is divided by (25/15*1)/((-2)/w).
1
What is the remainder when ((-2048616)/(-198))/37 + 8/22 is divided by 64?
24
Let k be 3 + (-1)/(0 + 1). Suppose 3*a = k*d - 21, -5*a + 3 = -2*a. Calculate the remainder when 44 is divided by d.
8
Suppose f = -40 - 192. Let t be -5*(f/(-20))/(-1). Suppose -5*o + 12 = -t. What is the remainder when o is divided by 4?
2
Let y = -3648 + 3689. What is the remainder when 75 is divided by y?
34
Let x = 6905 + -3773. What is the remainder when x is divided by 64?
60
Let z = -1111 + 1124. What is the remainder when 480 is divided by z?
12
Let d(v) = 4*v + 10. Let r be d(-21). Let c = -12 - r. Calculate the remainder when c is divided by 13.
10
Let h = 1969 - 1917. Calculate the remainder when 230 is divided by h.
22
Calculate the remainder when ((-72)/(-40) - 0)/((-3)/(-2065)) is divided by 93.
30
Let t(p) = 116*p**2 + 2658*p - 30. What is the remainder when 2383 is divided by t(-23)?
183
Let a(q) = 33*q + 708. Let x be a(0). Let j = x - 649. Calculate the remainder when 193 is divided by j.
16
Let b(s) = 184*s**2 + 2*s + 1. Suppose 4*z = -3 - 1. Let c be b(z). Suppose 99*a = 102*a - c. Calculate the remainder when a is divided by 23.
15
Let n(g) be the third derivative of -g**5/30 - 5*g**4/8 - 5*g**3/2 + g**2 + 5. Calculate the remainder when 22 is divided by n(-6).
1
Let h = 11 - 8. Suppose h*w - 5*d = -0*w + 74, 0 = -4*d - 16. Suppose 37 + 123 = 16*g. Calculate the remainder when w is divided by g.
8
Suppose 3*v + 4*p - 15 = 123, 159 = 4*v - 3*p. Suppose -2 = -2*b - 18. What is the remainder when v is divided by 10 + b - (-3)/(3/20)?
20
Let c be 12/(-10)*(-9 + -1). Suppose -3*b = 0, 3*i - 6 + c = -2*b. Calculate the remainder when (-120)/(-9) + (-3)/(11 + i) is divided by 5.
3
Suppose 7626 + 2741 = 129*j + 1208. What is the remainder when 777 + (-6)/(-2) - 2 is divided by j?
68
Suppose -107*u - 948 = -109*u. Calculate the remainder when u is divided by 150.
24
Suppose -4*z = -5*f + 265, 7*f - z = 3*f + 212. Suppose t - 3*m = f, -3 - 5 = -4*m. Let x = -52 + t. What is the remainder when 11 is divided by x?
4
Let t = 42699 + -39606. Calculate the remainder when t is divided by 1539.
15
Let v be 3 + -5 + 1 - 2. Suppose 5*w + 2*w = 14. Calculate the remainder when (-3)/(((-5)/v)/(-5)) is divided by w.
1
Suppose -6*k + 2*w = -k - 4578, 5*w - 10034 = -11*k. What is the remainder when k is divided by 26?
4
Suppose 41*l + 13076 = 49*l + 2668. What is the remainder when l is divided by 272?
213
Suppose -r - 10 = -3*r + 3*n, 28 = -r + 7*n. Calculate the remainder when r is divided by 8.
6
Let n = -6951 + 10826. Calculate the remainder when n is divided by 17.
16
What is the remainder when 7/28*536*5/(20/28) is divided by 933?
5
Suppose -f + 39 = -2*p, p - 34 = -f + 2*p. What is the remainder when -3*-3*4/9 + f is divided by 9?
6
Let r(j) = -4*j**2 - j + 330. Calculate the remainder when 930 is divided by r(0).
270
What is the remainder when 84 is divided by 1/(15/354) + (-63)/105?
15
Suppose 425 = -429*d + 434*d. What is the remainder when 1613 is divided by d?
83
Suppose 3*h = 682 - 94. Calculate the remainder when 9/6*h/6 is divided by ((-2)/12)/(16/(-576)) - (-9 - -2).
10
Suppose -4*l + 6069 = 3*v, -42*v + 43*v + 3027 = 2*l. What is the remainder when l is divided by 66?
63
Suppose -20*r - 4463 = -17003. Let l = r + -618. What is the remainder when l is divided by 8?
1
Suppose -6*n + 443 - 544 = -5*p, 56 = 2*p - 5*n. Let j = 96 - 59. Calculate the remainder when j is divided by p.
11
Let a(q) = 103*q + 13. Let l be a(2). Suppose -23 = 4*h - l. Calculate the remainder when 135 is divided by h.
37
Calculate the remainder when 2868 is divided by (-20)/(-5) - (5 - 9 - 6).
12
Suppose -835 = -2*f - 316*c + 315*c, c = -5*f + 2083. What is the remainder when f is divided by 29?
10
Let i(x) = -6*x**3 + x**2 + 2*x. Let q = -18240 + 18246. What is the remainder when i(-2) is divided by q?
0
Suppose 22*i - 176 = 638. Suppose -6*q - 13 = -169. What is the remainder when i is divided by q?
11
Let u(l) = l**3 - 4*l**2 + 6*l + 4. Suppose 0*s - 143 = -5*m + s, -3*s = -5*m + 139. Calculate the remainder when u(6) is divided by m.
25
Let t = 6111 - 5863. Calculate the remainder when t is divided by 91.
66
Let g = 166 + -77. Suppose -5*z + 175 = -5*p, 4*z = -872*p + 867*p + 86. What is the remainder when g is divided by z?
2
Suppose -10519 - 8394 = -41*c - 6736. Calculate the remainder when c is divided by 1/(1 + 0 + 98/(-100)).
47
Let d = 5300 - 4910. What is the remainder when d is divided by 60?
30
Let x(l) = -l**3 - 5*l**2 + 43*l + 227. Calculate the remainder when 1539 is divided by x(-6).
4
Let l = 2872 - 2831. What is the remainder when 164 is divided by l?
0
Let u(m) = m**3 + 310 - 309 + 0*m**2 - m - 6*m**2 + 2*m. Suppose -12 = 3*i - 6*i. Calculate the remainder when u(6) is divided by i.
3
Let c = -27 - -46. Suppose 5*d + c = 6*d + 5*o, 3*d - o - 105 = 0. What is the remainder when 96 is divided by d?
28
Let o = 4013 + -3794. Calculate the remainder when 445 is divided by o.
7
Suppose 9 = 4*t - t. Suppose -t*m + 0 + 5 = 2*z, 5*m - 5 = -5*z. Calculate the remainder when m/18 - 843/(-18) is divided by 25.
22
Let t = -1237 + 1275. What is the remainder when 464 is divided by t?
8
Let v = -7 + 127. Let a = -25 - -104. Let m = v - a. Calculate the remainder when 121 is divided by m.
39
Let r = -78 - -171. Let i(y) = -y**3 - y. Let f(m) = -5*m**3 - 3*m**2 - 13*m + 9. Let c(q) = f(q) - 6*i(q). What is the remainder when r is divided by c(5)?
21
Let o(i) = 4*i**2 - 69*i - 26. What is the remainder when 54 is divided by o(18)?
26
Calculate the remainder when (-744)/32*44004/(-39) - (-10)/(-65) is divided by 265.
263
Suppose -v = -4*l + 414, 6 = -2*v + 5*v. Let d = l + -81. Let k(o) = -o**3 + 12*o**2 - 12*o - 14. Calculate the remain